 31884?
3
What is the tens digit of 22436?
3
What is the thousands digit of 6315?
6
What is the units digit of 140008?
8
What is the units digit of 3828?
8
What is the thousands digit of 75125?
5
What is the units digit of 1400?
0
What is the ten thousands digit of 104253?
0
What is the units digit of 9934?
4
What is the units digit of 33619?
9
What is the units digit of 1098?
8
What is the thousands digit of 10173?
0
What is the units digit of 8541?
1
What is the units digit of 328?
8
What is the units digit of 16348?
8
What is the ten thousands digit of 17979?
1
What is the hundreds digit of 1494?
4
What is the hundreds digit of 51270?
2
What is the hundreds digit of 726?
7
What is the thousands digit of 48772?
8
What is the hundreds digit of 1191?
1
What is the units digit of 2214?
4
What is the units digit of 1477?
7
What is the hundreds digit of 16001?
0
What is the hundreds digit of 3144?
1
What is the units digit of 4149?
9
What is the tens digit of 1407?
0
What is the units digit of 1280?
0
What is the units digit of 105?
5
What is the tens digit of 667?
6
What is the hundreds digit of 57112?
1
What is the tens digit of 3196?
9
What is the hundreds digit of 828?
8
What is the tens digit of 3253?
5
What is the hundreds digit of 476?
4
What is the units digit of 108?
8
What is the thousands digit of 3514?
3
What is the ten thousands digit of 46413?
4
What is the ten thousands digit of 10603?
1
What is the units digit of 435?
5
What is the units digit of 32601?
1
What is the hundreds digit of 13085?
0
What is the tens digit of 2011?
1
What is the tens digit of 43890?
9
What is the tens digit of 1526?
2
What is the tens digit of 4126?
2
What is the units digit of 5515?
5
What is the thousands digit of 16148?
6
What is the thousands digit of 70322?
0
What is the tens digit of 59336?
3
What is the units digit of 3318?
8
What is the ten thousands digit of 53651?
5
What is the tens digit of 13806?
0
What is the thousands digit of 113774?
3
What is the tens digit of 26074?
7
What is the units digit of 7779?
9
What is the hundreds digit of 547?
5
What is the thousands digit of 1006?
1
What is the thousands digit of 19818?
9
What is the tens digit of 1565?
6
What is the thousands digit of 3186?
3
What is the hundreds digit of 7447?
4
What is the hundreds digit of 17795?
7
What is the ten thousands digit of 10056?
1
What is the tens digit of 14062?
6
What is the hundreds digit of 6030?
0
What is the units digit of 1283?
3
What is the tens digit of 221?
2
What is the units digit of 2353?
3
What is the tens digit of 18890?
9
What is the units digit of 47545?
5
What is the thousands digit of 2354?
2
What is the tens digit of 4107?
0
What is the units digit of 2517?
7
What is the ten thousands digit of 14814?
1
What is the units digit of 3103?
3
What is the tens digit of 9409?
0
What is the units digit of 13?
3
What is the units digit of 3089?
9
What is the units digit of 2283?
3
What is the ten thousands digit of 65779?
6
What is the hundreds digit of 869?
8
What is the tens digit of 2632?
3
What is the units digit of 289?
9
What is the hundreds digit of 448?
4
What is the ten thousands digit of 18023?
1
What is the ten thousands digit of 11185?
1
What is the tens digit of 56257?
5
What is the ten thousands digit of 24593?
2
What is the units digit of 1577?
7
What is the hundreds digit of 559?
5
What is the hundreds digit of 3577?
5
What is the units digit of 27308?
8
What is the thousands digit of 47884?
7
What is the units digit of 1331?
1
What is the thousands digit of 1381?
1
What is the thousands digit of 39219?
9
What is the units digit of 35415?
5
What is the units digit of 2533?
3
What is the tens digit of 87406?
0
What is the tens digit of 67?
6
What is the hundreds digit of 299?
2
What is the tens digit of 16489?
8
What is the tens digit of 11654?
5
What is the hundreds digit of 263?
2
What is the tens digit of 26587?
8
What is the tens digit of 21670?
7
What is the units digit of 1002?
2
What is the hundreds digit of 1957?
9
What is the ten thousands digit of 61407?
6
What is the hundreds digit of 7834?
8
What is the units digit of 900?
0
What is the thousands digit of 1501?
1
What is the tens digit of 523?
2
What is the thousands digit of 5101?
5
What is the thousands digit of 2251?
2
What is the units digit of 1099?
9
What is the units digit of 1062?
2
What is the tens digit of 123018?
1
What is the tens digit of 3586?
8
What is the tens digit of 18188?
8
What is the hundreds digit of 112653?
6
What is the thousands digit of 15566?
5
What is the tens digit of 337?
3
What is the tens digit of 3792?
9
What is the tens digit of 1718?
1
What is the hundreds digit of 1055?
0
What is the tens digit of 751?
5
What is the thousands digit of 59527?
9
What is the tens digit of 41850?
5
What is the units digit of 801?
1
What is the units digit of 1521?
1
What is the hundreds digit of 606?
6
What is the tens digit of 3542?
4
What is the hundreds digit of 1457?
4
What is the thousands digit of 3952?
3
What is the hundreds digit of 3295?
2
What is the hundreds digit of 341?
3
What is the tens digit of 3550?
5
What is the tens digit of 8860?
6
What is the tens digit of 855?
5
What is the tens digit of 3782?
8
What is the hundreds digit of 5599?
5
What is the units digit of 3027?
7
What is the thousands digit of 1910?
1
What is the units digit of 6360?
0
What is the ten thousands digit of 20947?
2
What is the units digit of 4368?
8
What is the units digit of 92465?
5
What is the units digit of 704?
4
What is the thousands digit of 1072?
1
What is the tens digit of 822?
2
What is the tens digit of 17079?
7
What is the hundreds digit of 4383?
3
What is the hundreds digit of 4514?
5
What is the units digit of 1631?
1
What is the units digit of 1089?
9
What is the units digit of 167?
7
What is the units digit of 1366?
6
What is the thousands digit of 3613?
3
What is the thousands digit of 1118?
1
What is the ten thousands digit of 89483?
8
What is the hundreds digit of 4274?
2
What is the hundreds digit of 55689?
6
What is the hundreds digit of 1456?
4
What is the tens digit of 31683?
8
What is the tens digit of 409?
0
What is the units digit of 25633?
3
What is the units digit of 565?
5
What is the units digit of 1423?
3
What is the units digit of 1579?
9
What is the hundreds digit of 1265?
2
What is the hundreds digit of 56653?
6
What is the tens digit of 66571?
7
What is the hundreds digit of 4064?
0
What is the hundreds digit of 417?
4
What is the units digit of 1833?
3
What is the hundreds digit of 189?
1
What is the hundreds digit of 5536?
5
What is the tens digit of 1150?
5
What is the units digit of 3912?
2
What is the hundreds digit of 4570?
5
What is the thousands digit of 52480?
2
What is the units digit of 64850?
0
What is the tens digit of 82755?
5
What is the units digit of 2412?
2
What is the tens digit of 7433?
3
What is the units digit of 2901?
1
What is the thousands digit of 36652?
6
What is the units digit of 8?
8
What is the units digit of 728?
8
What is the units digit of 1771?
1
What is the hundreds digit of 711?
7
What is the ten thousands digit of 26912?
2
What is the tens digit of 392?
9
What is the units digit of 82770?
0
What is the units digit of 7800?
0
What is the units digit of 64553?
3
What is the units digit of 276?
6
What is the units digit of 495?
5
What is the thousands digit of 35892?
5
What is the hundreds digit of 17174?
1
What is the units digit of 2841?
1
What is the units digit of 61553?
3
What is the tens digit of 2275?
7
What is the units digit of 82043?
3
What is the hundred thousands digit of 152127?
1
What is the hundreds digit of 725?
7
What is the tens digit of 33240?
4
What is the thousands digit of 73657?
3
What is the units digit of 70470?
0
What is the units digit of 72814?
4
What is the hundreds digit of 65880?
8
What is the units digit of 13598?
8
What is the tens digit of 8243?
4
What is the thousands digit of 1060?
1
What is the thousands digit of 1974?
1
What is the thousands digit of 9239?
9
What is the ten thousands digit of 95271?
9
What is the hundreds digit of 519?
5
What is the thousands digit of 2229?
2
What is the ten thousands digit of 14030?
1
What is the hundreds digit of 3791?
7
Wha